{"id":4229,"date":"2024-03-15T00:02:48","date_gmt":"2024-03-15T00:02:48","guid":{"rendered":"https:\/\/larouteduthe.ca\/accueil\/?page_id=4229"},"modified":"2025-09-23T09:28:00","modified_gmt":"2025-09-23T09:28:00","slug":"section-cadeaux","status":"publish","type":"page","link":"https:\/\/larouteduthe.ca\/accueil\/section-cadeaux\/","title":{"rendered":"Section Cadeaux"},"content":{"rendered":"<div data-block-name=\"woocommerce\/product-category\" data-categories=\"[25]\" data-columns=\"4\" class=\"wc-block-grid wp-block-product-category wp-block-woocommerce-product-category wc-block-product-category has-4-columns has-multiple-rows\"><ul class=\"wc-block-grid__products\"><li class=\"wc-block-grid__product\">\n\t\t\t\t<a href=\"https:\/\/larouteduthe.ca\/accueil\/produit\/coffret-decouverte\/\" class=\"wc-block-grid__product-link\">\n\t\t\t\t\t\n\t\t\t\t\t<div class=\"wc-block-grid__product-image\"><img loading=\"lazy\" decoding=\"async\" width=\"960\" height=\"960\" src=\"https:\/\/larouteduthe.ca\/wp-content\/uploads\/2025\/08\/Fermee.jpg\" class=\"attachment-woocommerce_thumbnail size-woocommerce_thumbnail\" alt=\"Coffret &quot;D\u00e9couverte&quot;\" srcset=\"https:\/\/larouteduthe.ca\/wp-content\/uploads\/2025\/08\/Fermee.jpg 960w, https:\/\/larouteduthe.ca\/wp-content\/uploads\/2025\/08\/Fermee-800x800.jpg 800w, https:\/\/larouteduthe.ca\/wp-content\/uploads\/2025\/08\/Fermee-280x280.jpg 280w, https:\/\/larouteduthe.ca\/wp-content\/uploads\/2025\/08\/Fermee-768x768.jpg 768w, https:\/\/larouteduthe.ca\/wp-content\/uploads\/2025\/08\/Fermee-24x24.jpg 24w, https:\/\/larouteduthe.ca\/wp-content\/uploads\/2025\/08\/Fermee-36x36.jpg 36w, https:\/\/larouteduthe.ca\/wp-content\/uploads\/2025\/08\/Fermee-48x48.jpg 48w, https:\/\/larouteduthe.ca\/wp-content\/uploads\/2025\/08\/Fermee-100x100.jpg 100w\" sizes=\"auto, (max-width: 960px) 100vw, 960px\" \/><\/div>\n\t\t\t\t\t<div class=\"wc-block-grid__product-title\">Coffret \u00ab\u00a0D\u00e9couverte\u00a0\u00bb<\/div>\n\t\t\t\t<\/a>\n\t\t\t\t<div class=\"wc-block-grid__product-price price\"><\/div>\n\t\t\t\t\n\t\t\t\t<div class=\"wp-block-button wc-block-grid__product-add-to-cart\"><a href=\"https:\/\/larouteduthe.ca\/accueil\/produit\/coffret-decouverte\/\" aria-label=\"S\u00e9lectionner les options pour &ldquo;Coffret &quot;D\u00e9couverte&quot;&rdquo;\" data-quantity=\"1\" data-product_id=\"4461\" data-product_sku=\"\" data-price=\"2.5\" rel=\"nofollow\" class=\"wp-block-button__link  add_to_cart_button\">Choix des options<\/a><\/div>\n\t\t\t<\/li><li class=\"wc-block-grid__product\">\n\t\t\t\t<a href=\"https:\/\/larouteduthe.ca\/accueil\/produit\/2-boites-a-offrir\/\" class=\"wc-block-grid__product-link\">\n\t\t\t\t\t\n\t\t\t\t\t<div class=\"wc-block-grid__product-image\"><img loading=\"lazy\" decoding=\"async\" width=\"960\" height=\"960\" src=\"https:\/\/larouteduthe.ca\/wp-content\/uploads\/2023\/11\/EMBRZ-04-960x960.jpg\" class=\"attachment-woocommerce_thumbnail size-woocommerce_thumbnail\" alt=\"2 bo\u00eetes \u00e0 offrir\" srcset=\"https:\/\/larouteduthe.ca\/wp-content\/uploads\/2023\/11\/EMBRZ-04-960x960.jpg 960w, https:\/\/larouteduthe.ca\/wp-content\/uploads\/2023\/11\/EMBRZ-04-100x100.jpg 100w, https:\/\/larouteduthe.ca\/wp-content\/uploads\/2023\/11\/EMBRZ-04-800x800.jpg 800w, https:\/\/larouteduthe.ca\/wp-content\/uploads\/2023\/11\/EMBRZ-04-1024x1024.jpg 1024w, https:\/\/larouteduthe.ca\/wp-content\/uploads\/2023\/11\/EMBRZ-04-280x280.jpg 280w, https:\/\/larouteduthe.ca\/wp-content\/uploads\/2023\/11\/EMBRZ-04-768x768.jpg 768w, https:\/\/larouteduthe.ca\/wp-content\/uploads\/2023\/11\/EMBRZ-04-1536x1536.jpg 1536w, https:\/\/larouteduthe.ca\/wp-content\/uploads\/2023\/11\/EMBRZ-04-400x400.jpg 400w, https:\/\/larouteduthe.ca\/wp-content\/uploads\/2023\/11\/EMBRZ-04.jpg 2048w\" sizes=\"auto, (max-width: 960px) 100vw, 960px\" \/><\/div>\n\t\t\t\t\t<div class=\"wc-block-grid__product-title\">2 bo\u00eetes \u00e0 offrir<\/div>\n\t\t\t\t<\/a>\n\t\t\t\t<div class=\"wc-block-grid__product-price price\"><\/div>\n\t\t\t\t\n\t\t\t\t<div class=\"wp-block-button wc-block-grid__product-add-to-cart\"><a href=\"https:\/\/larouteduthe.ca\/accueil\/produit\/2-boites-a-offrir\/\" aria-label=\"S\u00e9lectionner les options pour &ldquo;2 bo\u00eetes \u00e0 offrir&rdquo;\" data-quantity=\"1\" data-product_id=\"4167\" data-product_sku=\"\" data-price=\"37\" rel=\"nofollow\" class=\"wp-block-button__link  add_to_cart_button\">Choix des options<\/a><\/div>\n\t\t\t<\/li><li class=\"wc-block-grid__product\">\n\t\t\t\t<a href=\"https:\/\/larouteduthe.ca\/accueil\/produit\/presentoir-vertical\/\" class=\"wc-block-grid__product-link\">\n\t\t\t\t\t\n\t\t\t\t\t<div class=\"wc-block-grid__product-image\"><img loading=\"lazy\" decoding=\"async\" width=\"960\" height=\"960\" src=\"https:\/\/larouteduthe.ca\/wp-content\/uploads\/2023\/11\/Presentoir-V-V2-960x960.jpg\" class=\"attachment-woocommerce_thumbnail size-woocommerce_thumbnail\" alt=\"Pr\u00e9sentoir vertical\" srcset=\"https:\/\/larouteduthe.ca\/wp-content\/uploads\/2023\/11\/Presentoir-V-V2-960x960.jpg 960w, https:\/\/larouteduthe.ca\/wp-content\/uploads\/2023\/11\/Presentoir-V-V2-100x100.jpg 100w, https:\/\/larouteduthe.ca\/wp-content\/uploads\/2023\/11\/Presentoir-V-V2-800x800.jpg 800w, https:\/\/larouteduthe.ca\/wp-content\/uploads\/2023\/11\/Presentoir-V-V2-1024x1024.jpg 1024w, https:\/\/larouteduthe.ca\/wp-content\/uploads\/2023\/11\/Presentoir-V-V2-280x280.jpg 280w, https:\/\/larouteduthe.ca\/wp-content\/uploads\/2023\/11\/Presentoir-V-V2-768x768.jpg 768w, https:\/\/larouteduthe.ca\/wp-content\/uploads\/2023\/11\/Presentoir-V-V2-1536x1536.jpg 1536w, https:\/\/larouteduthe.ca\/wp-content\/uploads\/2023\/11\/Presentoir-V-V2-400x400.jpg 400w, https:\/\/larouteduthe.ca\/wp-content\/uploads\/2023\/11\/Presentoir-V-V2.jpg 2048w\" sizes=\"auto, (max-width: 960px) 100vw, 960px\" \/><\/div>\n\t\t\t\t\t<div class=\"wc-block-grid__product-title\">Pr\u00e9sentoir vertical<\/div>\n\t\t\t\t<\/a>\n\t\t\t\t<div class=\"wc-block-grid__product-price price\"><\/div>\n\t\t\t\t\n\t\t\t\t<div class=\"wp-block-button wc-block-grid__product-add-to-cart\"><a href=\"https:\/\/larouteduthe.ca\/accueil\/produit\/presentoir-vertical\/\" aria-label=\"S\u00e9lectionner les options pour &ldquo;Pr\u00e9sentoir vertical&rdquo;\" data-quantity=\"1\" data-product_id=\"3445\" data-product_sku=\"\" data-price=\"35\" rel=\"nofollow\" class=\"wp-block-button__link  add_to_cart_button\">Choix des options<\/a><\/div>\n\t\t\t<\/li><li class=\"wc-block-grid__product\">\n\t\t\t\t<a href=\"https:\/\/larouteduthe.ca\/accueil\/produit\/presentoir-horizontal\/\" class=\"wc-block-grid__product-link\">\n\t\t\t\t\t\n\t\t\t\t\t<div class=\"wc-block-grid__product-image\"><img loading=\"lazy\" decoding=\"async\" width=\"960\" height=\"960\" src=\"https:\/\/larouteduthe.ca\/wp-content\/uploads\/2023\/11\/Presentoir-H-V2-960x960.jpg\" class=\"attachment-woocommerce_thumbnail size-woocommerce_thumbnail\" alt=\"Pr\u00e9sentoir horizontal\" srcset=\"https:\/\/larouteduthe.ca\/wp-content\/uploads\/2023\/11\/Presentoir-H-V2-960x960.jpg 960w, https:\/\/larouteduthe.ca\/wp-content\/uploads\/2023\/11\/Presentoir-H-V2-100x100.jpg 100w, https:\/\/larouteduthe.ca\/wp-content\/uploads\/2023\/11\/Presentoir-H-V2-800x800.jpg 800w, https:\/\/larouteduthe.ca\/wp-content\/uploads\/2023\/11\/Presentoir-H-V2-1024x1024.jpg 1024w, https:\/\/larouteduthe.ca\/wp-content\/uploads\/2023\/11\/Presentoir-H-V2-280x280.jpg 280w, https:\/\/larouteduthe.ca\/wp-content\/uploads\/2023\/11\/Presentoir-H-V2-768x768.jpg 768w, https:\/\/larouteduthe.ca\/wp-content\/uploads\/2023\/11\/Presentoir-H-V2-1536x1536.jpg 1536w, https:\/\/larouteduthe.ca\/wp-content\/uploads\/2023\/11\/Presentoir-H-V2-400x400.jpg 400w, https:\/\/larouteduthe.ca\/wp-content\/uploads\/2023\/11\/Presentoir-H-V2.jpg 2048w\" sizes=\"auto, (max-width: 960px) 100vw, 960px\" \/><\/div>\n\t\t\t\t\t<div class=\"wc-block-grid__product-title\">Pr\u00e9sentoir horizontal<\/div>\n\t\t\t\t<\/a>\n\t\t\t\t<div class=\"wc-block-grid__product-price price\"><\/div>\n\t\t\t\t\n\t\t\t\t<div class=\"wp-block-button wc-block-grid__product-add-to-cart\"><a href=\"https:\/\/larouteduthe.ca\/accueil\/produit\/presentoir-horizontal\/\" aria-label=\"S\u00e9lectionner les options pour &ldquo;Pr\u00e9sentoir horizontal&rdquo;\" data-quantity=\"1\" data-product_id=\"3444\" data-product_sku=\"\" data-price=\"35\" rel=\"nofollow\" class=\"wp-block-button__link  add_to_cart_button\">Choix des options<\/a><\/div>\n\t\t\t<\/li><\/ul><\/div>\n\n\n<p><\/p>\n","protected":false},"excerpt":{"rendered":"","protected":false},"author":1,"featured_media":0,"parent":0,"menu_order":0,"comment_status":"closed","ping_status":"closed","template":"","meta":{"site-sidebar-layout":"default","site-content-layout":"","ast-site-content-layout":"default","site-content-style":"default","site-sidebar-style":"default","ast-global-header-display":"","ast-banner-title-visibility":"","ast-main-header-display":"","ast-hfb-above-header-display":"","ast-hfb-below-header-display":"","ast-hfb-mobile-header-display":"","site-post-title":"","ast-breadcrumbs-content":"","ast-featured-img":"","footer-sml-layout":"","ast-disable-related-posts":"","theme-transparent-header-meta":"","adv-header-id-meta":"","stick-header-meta":"","header-above-stick-meta":"","header-main-stick-meta":"","header-below-stick-meta":"","astra-migrate-meta-layouts":"set","ast-page-background-enabled":"default","ast-page-background-meta":{"desktop":{"background-color":"","background-image":"","background-repeat":"repeat","background-position":"center center","background-size":"auto","background-attachment":"scroll","background-type":"","background-media":"","overlay-type":"","overlay-color":"","overlay-opacity":"","overlay-gradient":""},"tablet":{"background-color":"","background-image":"","background-repeat":"repeat","background-position":"center center","background-size":"auto","background-attachment":"scroll","background-type":"","background-media":"","overlay-type":"","overlay-color":"","overlay-opacity":"","overlay-gradient":""},"mobile":{"background-color":"","background-image":"","background-repeat":"repeat","background-position":"center center","background-size":"auto","background-attachment":"scroll","background-type":"","background-media":"","overlay-type":"","overlay-color":"","overlay-opacity":"","overlay-gradient":""}},"ast-content-background-meta":{"desktop":{"background-color":"var(--ast-global-color-5)","background-image":"","background-repeat":"repeat","background-position":"center center","background-size":"auto","background-attachment":"scroll","background-type":"","background-media":"","overlay-type":"","overlay-color":"","overlay-opacity":"","overlay-gradient":""},"tablet":{"background-color":"var(--ast-global-color-5)","background-image":"","background-repeat":"repeat","background-position":"center center","background-size":"auto","background-attachment":"scroll","background-type":"","background-media":"","overlay-type":"","overlay-color":"","overlay-opacity":"","overlay-gradient":""},"mobile":{"background-color":"var(--ast-global-color-5)","background-image":"","background-repeat":"repeat","background-position":"center center","background-size":"auto","background-attachment":"scroll","background-type":"","background-media":"","overlay-type":"","overlay-color":"","overlay-opacity":"","overlay-gradient":""}},"footnotes":""},"class_list":["post-4229","page","type-page","status-publish","hentry"],"yoast_head":"<!-- This site is optimized with the Yoast SEO plugin v27.6 - https:\/\/yoast.com\/product\/yoast-seo-wordpress\/ -->\n<title>Section Cadeaux - La Route du Th\u00e9<\/title>\n<meta name=\"robots\" content=\"index, follow, max-snippet:-1, max-image-preview:large, max-video-preview:-1\" \/>\n<link rel=\"canonical\" href=\"https:\/\/larouteduthe.ca\/accueil\/section-cadeaux\/\" \/>\n<meta property=\"og:locale\" content=\"fr_FR\" \/>\n<meta property=\"og:type\" content=\"article\" \/>\n<meta property=\"og:title\" content=\"Section Cadeaux - La Route du Th\u00e9\" \/>\n<meta property=\"og:url\" content=\"https:\/\/larouteduthe.ca\/accueil\/section-cadeaux\/\" \/>\n<meta property=\"og:site_name\" content=\"La Route du Th\u00e9\" \/>\n<meta property=\"article:modified_time\" content=\"2025-09-23T09:28:00+00:00\" \/>\n<meta name=\"twitter:card\" content=\"summary_large_image\" \/>\n<script type=\"application\/ld+json\" class=\"yoast-schema-graph\">{\"@context\":\"https:\\\/\\\/schema.org\",\"@graph\":[{\"@type\":\"WebPage\",\"@id\":\"https:\\\/\\\/larouteduthe.ca\\\/accueil\\\/section-cadeaux\\\/\",\"url\":\"https:\\\/\\\/larouteduthe.ca\\\/accueil\\\/section-cadeaux\\\/\",\"name\":\"Section Cadeaux - La Route du Th\u00e9\",\"isPartOf\":{\"@id\":\"https:\\\/\\\/larouteduthe.ca\\\/accueil\\\/#website\"},\"datePublished\":\"2024-03-15T00:02:48+00:00\",\"dateModified\":\"2025-09-23T09:28:00+00:00\",\"breadcrumb\":{\"@id\":\"https:\\\/\\\/larouteduthe.ca\\\/accueil\\\/section-cadeaux\\\/#breadcrumb\"},\"inLanguage\":\"fr-FR\",\"potentialAction\":[{\"@type\":\"ReadAction\",\"target\":[\"https:\\\/\\\/larouteduthe.ca\\\/accueil\\\/section-cadeaux\\\/\"]}]},{\"@type\":\"BreadcrumbList\",\"@id\":\"https:\\\/\\\/larouteduthe.ca\\\/accueil\\\/section-cadeaux\\\/#breadcrumb\",\"itemListElement\":[{\"@type\":\"ListItem\",\"position\":1,\"name\":\"Accueil\",\"item\":\"https:\\\/\\\/larouteduthe.ca\\\/accueil\\\/\"},{\"@type\":\"ListItem\",\"position\":2,\"name\":\"Section Cadeaux\"}]},{\"@type\":\"WebSite\",\"@id\":\"https:\\\/\\\/larouteduthe.ca\\\/accueil\\\/#website\",\"url\":\"https:\\\/\\\/larouteduthe.ca\\\/accueil\\\/\",\"name\":\"La Route du Th\u00e9\",\"description\":\"Boutique de Th\u00e9 en ligne\",\"publisher\":{\"@id\":\"https:\\\/\\\/larouteduthe.ca\\\/accueil\\\/#organization\"},\"potentialAction\":[{\"@type\":\"SearchAction\",\"target\":{\"@type\":\"EntryPoint\",\"urlTemplate\":\"https:\\\/\\\/larouteduthe.ca\\\/accueil\\\/?s={search_term_string}\"},\"query-input\":{\"@type\":\"PropertyValueSpecification\",\"valueRequired\":true,\"valueName\":\"search_term_string\"}}],\"inLanguage\":\"fr-FR\"},{\"@type\":\"Organization\",\"@id\":\"https:\\\/\\\/larouteduthe.ca\\\/accueil\\\/#organization\",\"name\":\"La Route du Th\u00e9\",\"url\":\"https:\\\/\\\/larouteduthe.ca\\\/accueil\\\/\",\"logo\":{\"@type\":\"ImageObject\",\"inLanguage\":\"fr-FR\",\"@id\":\"https:\\\/\\\/larouteduthe.ca\\\/accueil\\\/#\\\/schema\\\/logo\\\/image\\\/\",\"url\":\"https:\\\/\\\/larouteduthe.ca\\\/wp-content\\\/uploads\\\/2021\\\/02\\\/Signature-Site-scaled.jpg\",\"contentUrl\":\"https:\\\/\\\/larouteduthe.ca\\\/wp-content\\\/uploads\\\/2021\\\/02\\\/Signature-Site-scaled.jpg\",\"width\":2560,\"height\":316,\"caption\":\"La Route du Th\u00e9\"},\"image\":{\"@id\":\"https:\\\/\\\/larouteduthe.ca\\\/accueil\\\/#\\\/schema\\\/logo\\\/image\\\/\"},\"sameAs\":[\"https:\\\/\\\/www.instagram.com\\\/la_route_du_the\\\/\"]}]}<\/script>\n<!-- \/ Yoast SEO plugin. -->","yoast_head_json":{"title":"Section Cadeaux - La Route du Th\u00e9","robots":{"index":"index","follow":"follow","max-snippet":"max-snippet:-1","max-image-preview":"max-image-preview:large","max-video-preview":"max-video-preview:-1"},"canonical":"https:\/\/larouteduthe.ca\/accueil\/section-cadeaux\/","og_locale":"fr_FR","og_type":"article","og_title":"Section Cadeaux - La Route du Th\u00e9","og_url":"https:\/\/larouteduthe.ca\/accueil\/section-cadeaux\/","og_site_name":"La Route du Th\u00e9","article_modified_time":"2025-09-23T09:28:00+00:00","twitter_card":"summary_large_image","schema":{"@context":"https:\/\/schema.org","@graph":[{"@type":"WebPage","@id":"https:\/\/larouteduthe.ca\/accueil\/section-cadeaux\/","url":"https:\/\/larouteduthe.ca\/accueil\/section-cadeaux\/","name":"Section Cadeaux - La Route du Th\u00e9","isPartOf":{"@id":"https:\/\/larouteduthe.ca\/accueil\/#website"},"datePublished":"2024-03-15T00:02:48+00:00","dateModified":"2025-09-23T09:28:00+00:00","breadcrumb":{"@id":"https:\/\/larouteduthe.ca\/accueil\/section-cadeaux\/#breadcrumb"},"inLanguage":"fr-FR","potentialAction":[{"@type":"ReadAction","target":["https:\/\/larouteduthe.ca\/accueil\/section-cadeaux\/"]}]},{"@type":"BreadcrumbList","@id":"https:\/\/larouteduthe.ca\/accueil\/section-cadeaux\/#breadcrumb","itemListElement":[{"@type":"ListItem","position":1,"name":"Accueil","item":"https:\/\/larouteduthe.ca\/accueil\/"},{"@type":"ListItem","position":2,"name":"Section Cadeaux"}]},{"@type":"WebSite","@id":"https:\/\/larouteduthe.ca\/accueil\/#website","url":"https:\/\/larouteduthe.ca\/accueil\/","name":"La Route du Th\u00e9","description":"Boutique de Th\u00e9 en ligne","publisher":{"@id":"https:\/\/larouteduthe.ca\/accueil\/#organization"},"potentialAction":[{"@type":"SearchAction","target":{"@type":"EntryPoint","urlTemplate":"https:\/\/larouteduthe.ca\/accueil\/?s={search_term_string}"},"query-input":{"@type":"PropertyValueSpecification","valueRequired":true,"valueName":"search_term_string"}}],"inLanguage":"fr-FR"},{"@type":"Organization","@id":"https:\/\/larouteduthe.ca\/accueil\/#organization","name":"La Route du Th\u00e9","url":"https:\/\/larouteduthe.ca\/accueil\/","logo":{"@type":"ImageObject","inLanguage":"fr-FR","@id":"https:\/\/larouteduthe.ca\/accueil\/#\/schema\/logo\/image\/","url":"https:\/\/larouteduthe.ca\/wp-content\/uploads\/2021\/02\/Signature-Site-scaled.jpg","contentUrl":"https:\/\/larouteduthe.ca\/wp-content\/uploads\/2021\/02\/Signature-Site-scaled.jpg","width":2560,"height":316,"caption":"La Route du Th\u00e9"},"image":{"@id":"https:\/\/larouteduthe.ca\/accueil\/#\/schema\/logo\/image\/"},"sameAs":["https:\/\/www.instagram.com\/la_route_du_the\/"]}]}},"_links":{"self":[{"href":"https:\/\/larouteduthe.ca\/accueil\/wp-json\/wp\/v2\/pages\/4229","targetHints":{"allow":["GET"]}}],"collection":[{"href":"https:\/\/larouteduthe.ca\/accueil\/wp-json\/wp\/v2\/pages"}],"about":[{"href":"https:\/\/larouteduthe.ca\/accueil\/wp-json\/wp\/v2\/types\/page"}],"author":[{"embeddable":true,"href":"https:\/\/larouteduthe.ca\/accueil\/wp-json\/wp\/v2\/users\/1"}],"replies":[{"embeddable":true,"href":"https:\/\/larouteduthe.ca\/accueil\/wp-json\/wp\/v2\/comments?post=4229"}],"version-history":[{"count":3,"href":"https:\/\/larouteduthe.ca\/accueil\/wp-json\/wp\/v2\/pages\/4229\/revisions"}],"predecessor-version":[{"id":4486,"href":"https:\/\/larouteduthe.ca\/accueil\/wp-json\/wp\/v2\/pages\/4229\/revisions\/4486"}],"wp:attachment":[{"href":"https:\/\/larouteduthe.ca\/accueil\/wp-json\/wp\/v2\/media?parent=4229"}],"curies":[{"name":"wp","href":"https:\/\/api.w.org\/{rel}","templated":true}]}}