{"id":3816,"date":"2023-01-22T22:42:46","date_gmt":"2023-01-22T22:42:46","guid":{"rendered":"https:\/\/larouteduthe.ca\/accueil\/?page_id=3816"},"modified":"2023-11-07T16:29:13","modified_gmt":"2023-11-07T16:29:13","slug":"nostrucs","status":"publish","type":"page","link":"https:\/\/larouteduthe.ca\/accueil\/nostrucs\/","title":{"rendered":"Nos Trucs"},"content":{"rendered":"\n<h2 class=\"wp-block-heading\">TRUCS POUR \u00c9CONOMISER ET D\u00c9COUVRIR !<\/h2>\n\n\n\n<p class=\"has-text-align-left\">Dans un contexte \u00e9conomique o\u00f9 l&rsquo;inflation vient grandement affecter le prix des produits, il est bien d&rsquo;avoir des moyens pour r\u00e9duire l&rsquo;impact de celle-ci.<\/p>\n\n\n\n<p class=\"has-text-align-left\"><br>Comme tout le monde le sait, cette p\u00e9riode de forte inflation provient en grande partie de l&rsquo;importance et du contr\u00f4le du prix de l&rsquo;essence, du di\u00e9sel et des autres d\u00e9riv\u00e9s du p\u00e9trole.<br>Nous n&rsquo;avons malheureusement aucun contr\u00f4le sur les grands exploitants p\u00e9troliers. Heureusement le virage \u00e9lectrique s&rsquo;acc\u00e9l\u00e8re et le Qu\u00e9bec fait figure de proue \u00e0 ce niveau.<\/p>\n\n\n\n<p class=\"has-text-align-left\"><br>Nous vous proposons quelques r\u00e9flexions et suggestions de La Route du Th\u00e9 pour amoindrir les hausses pour l&rsquo;ann\u00e9e 2024. <\/p>\n\n\n\n<p class=\"has-text-align-center\"><br>Tout d&rsquo;abord, voici un tableau illustrant des \u00e9conomies possibles lors de l&rsquo;achat de vos breuvages favoris.<\/p>\n\n\n\n<div style=\"height:37px\" aria-hidden=\"true\" class=\"wp-block-spacer\"><\/div>\n\n\n\n<h2 class=\"wp-block-heading has-text-align-center\">Exemples de la tarification en vigeur<\/h2>\n\n\n\n<figure class=\"wp-block-table\"><table class=\"has-border-color has-ast-global-color-0-border-color has-fixed-layout\"><tbody><tr><td class=\"has-text-align-center\" data-align=\"center\">Quantit\u00e9 (g)<br><br><\/td><td class=\"has-text-align-center\" data-align=\"center\">Hermes Orange<\/td><td class=\"has-text-align-center\" data-align=\"center\">Nepal Ilam<\/td><td class=\"has-text-align-center\" data-align=\"center\">Menthe Verte<\/td><td class=\"has-text-align-center\" data-align=\"center\">Kamouraska<\/td><\/tr><tr><td class=\"has-text-align-center\" data-align=\"center\">50<\/td><td class=\"has-text-align-center\" data-align=\"center\">7,50 $<\/td><td class=\"has-text-align-center\" data-align=\"center\">11,00 $<\/td><td class=\"has-text-align-center\" data-align=\"center\">6,50 $<\/td><td class=\"has-text-align-center\" data-align=\"center\">10,00 $<\/td><\/tr><tr><td class=\"has-text-align-center\" data-align=\"center\">100<\/td><td class=\"has-text-align-center\" data-align=\"center\">13,00 $<\/td><td class=\"has-text-align-center\" data-align=\"center\">20,00 $<\/td><td class=\"has-text-align-center\" data-align=\"center\">11,00 $<\/td><td class=\"has-text-align-center\" data-align=\"center\">16,00 $<\/td><\/tr><tr><td class=\"has-text-align-center\" data-align=\"center\">250<\/td><td class=\"has-text-align-center\" data-align=\"center\">31,00 $<\/td><td class=\"has-text-align-center\" data-align=\"center\">47,50 $<\/td><td class=\"has-text-align-center\" data-align=\"center\">26,00 $<\/td><td class=\"has-text-align-center\" data-align=\"center\">37,50 $<\/td><\/tr><tr><td class=\"has-text-align-center\" data-align=\"center\">500<\/td><td class=\"has-text-align-center\" data-align=\"center\">53,00 $<\/td><td class=\"has-text-align-center\" data-align=\"center\">70,00 $<\/td><td class=\"has-text-align-center\" data-align=\"center\">48,00 $<\/td><td class=\"has-text-align-center\" data-align=\"center\">65,00 $<\/td><\/tr><tr><td class=\"has-text-align-center\" data-align=\"center\">1000 ou 1kg<\/td><td class=\"has-text-align-center\" data-align=\"center\">95,00 $<\/td><td class=\"has-text-align-center\" data-align=\"center\">130,00 $<\/td><td class=\"has-text-align-center\" data-align=\"center\">85,00 $<\/td><td class=\"has-text-align-center\" data-align=\"center\">115,00 $<\/td><\/tr><tr><td class=\"has-text-align-center\" data-align=\"center\">2000 ou 2 kg<\/td><td class=\"has-text-align-center\" data-align=\"center\">175,00 $<\/td><td class=\"has-text-align-center\" data-align=\"center\">245,00 $<\/td><td class=\"has-text-align-center\" data-align=\"center\">155,00 $<\/td><td class=\"has-text-align-center\" data-align=\"center\">210,00 $<\/td><\/tr><\/tbody><\/table><\/figure>\n\n\n\n<h2 class=\"wp-block-heading has-text-align-center\">Prix pr\u00e9sent\u00e9s au 100g<\/h2>\n\n\n\n<figure class=\"wp-block-table is-style-regular\"><table class=\"has-border-color has-ast-global-color-0-border-color has-fixed-layout\"><tbody><tr><td class=\"has-text-align-center\" data-align=\"center\">Prix <\/td><td class=\"has-text-align-center\" data-align=\"center\">Hermes Orange<\/td><td class=\"has-text-align-center\" data-align=\"center\">Nepal Ilam<\/td><td class=\"has-text-align-center\" data-align=\"center\">Menthe Verte<\/td><td class=\"has-text-align-center\" data-align=\"center\">Kamouraska<\/td><\/tr><tr><td class=\"has-text-align-center\" data-align=\"center\">50<\/td><td class=\"has-text-align-center\" data-align=\"center\">15,00 $<\/td><td class=\"has-text-align-center\" data-align=\"center\">22,00 $<\/td><td class=\"has-text-align-center\" data-align=\"center\">13,00 $<\/td><td class=\"has-text-align-center\" data-align=\"center\">20,00 $<\/td><\/tr><tr><td class=\"has-text-align-center\" data-align=\"center\">100<\/td><td class=\"has-text-align-center\" data-align=\"center\">13,00 $<\/td><td class=\"has-text-align-center\" data-align=\"center\">20,00 $<\/td><td class=\"has-text-align-center\" data-align=\"center\">11,00 $<\/td><td class=\"has-text-align-center\" data-align=\"center\">16,00 $<\/td><\/tr><tr><td class=\"has-text-align-center\" data-align=\"center\">250<\/td><td class=\"has-text-align-center\" data-align=\"center\">12,40 $<\/td><td class=\"has-text-align-center\" data-align=\"center\">19,00 $<\/td><td class=\"has-text-align-center\" data-align=\"center\">10,40 $<\/td><td class=\"has-text-align-center\" data-align=\"center\">15,00 $<\/td><\/tr><tr><td class=\"has-text-align-center\" data-align=\"center\">500<\/td><td class=\"has-text-align-center\" data-align=\"center\">10,60 $<\/td><td class=\"has-text-align-center\" data-align=\"center\">14,00 $<\/td><td class=\"has-text-align-center\" data-align=\"center\">9,60 $<\/td><td class=\"has-text-align-center\" data-align=\"center\">13,00 $<\/td><\/tr><tr><td class=\"has-text-align-center\" data-align=\"center\">1000 ou 1 kg<\/td><td class=\"has-text-align-center\" data-align=\"center\">9,50 $<\/td><td class=\"has-text-align-center\" data-align=\"center\">13,50 $<\/td><td class=\"has-text-align-center\" data-align=\"center\">8,50 $<\/td><td class=\"has-text-align-center\" data-align=\"center\">11,50 $<\/td><\/tr><tr><td class=\"has-text-align-center\" data-align=\"center\">2000 ou 2 kg<\/td><td class=\"has-text-align-center\" data-align=\"center\">8,75 $<\/td><td class=\"has-text-align-center\" data-align=\"center\">12,25 $<\/td><td class=\"has-text-align-center\" data-align=\"center\">7,75 $<\/td><td class=\"has-text-align-center\" data-align=\"center\">10,50 $<\/td><\/tr><\/tbody><\/table><\/figure>\n\n\n\n<p class=\"has-text-align-center\">On peut voir que le prix le plus \u00e9lev\u00e9 de ces 2 tableaux se retrouve dans le format 50g. C&rsquo;est normal car il y a plus de manipulations et les fournitures ont plus d&rsquo;importance.<br>Le deuxi\u00e8me tableau d\u00e9montre clairement que plus la quantit\u00e9 est grande, moins le prix du breuvage (th\u00e9 ou tisane) est \u00e9lev\u00e9.<\/p>\n\n\n\n<div style=\"height:35px\" aria-hidden=\"true\" class=\"wp-block-spacer\"><\/div>\n\n\n\n<h2 class=\"wp-block-heading has-text-align-center\">\u00c9conomies sur 100g<\/h2>\n\n\n\n<figure class=\"wp-block-table\"><table class=\"has-border-color has-ast-global-color-0-border-color has-fixed-layout\"><tbody><tr><td class=\"has-text-align-center\" data-align=\"center\">Quantit\u00e9<\/td><td class=\"has-text-align-center\" data-align=\"center\">Hermes Orange<\/td><td class=\"has-text-align-center\" data-align=\"center\">Nepal Ilam<\/td><td class=\"has-text-align-center\" data-align=\"center\">Menthe Verte<\/td><td class=\"has-text-align-center\" data-align=\"center\">Kamouraska<\/td><\/tr><tr><td class=\"has-text-align-center\" data-align=\"center\">50g<\/td><td class=\"has-text-align-center\" data-align=\"center\">(2,00 $)<\/td><td class=\"has-text-align-center\" data-align=\"center\">(2,00 $)<\/td><td class=\"has-text-align-center\" data-align=\"center\">(2,00 $)<\/td><td class=\"has-text-align-center\" data-align=\"center\">(4,00 $)<\/td><\/tr><tr><td class=\"has-text-align-center\" data-align=\"center\">100g<\/td><td class=\"has-text-align-center\" data-align=\"center\">0,00 $<\/td><td class=\"has-text-align-center\" data-align=\"center\">0,00 $<\/td><td class=\"has-text-align-center\" data-align=\"center\">0,00 $<\/td><td class=\"has-text-align-center\" data-align=\"center\">0,00 $<\/td><\/tr><tr><td class=\"has-text-align-center\" data-align=\"center\">250g<\/td><td class=\"has-text-align-center\" data-align=\"center\">0,60 $<\/td><td class=\"has-text-align-center\" data-align=\"center\">1,00 $<\/td><td class=\"has-text-align-center\" data-align=\"center\">0,60 $<\/td><td class=\"has-text-align-center\" data-align=\"center\">1,00 $<\/td><\/tr><tr><td class=\"has-text-align-center\" data-align=\"center\">500g<\/td><td class=\"has-text-align-center\" data-align=\"center\">2,40 $<\/td><td class=\"has-text-align-center\" data-align=\"center\">6,00 $<\/td><td class=\"has-text-align-center\" data-align=\"center\">1,40 $<\/td><td class=\"has-text-align-center\" data-align=\"center\">3,00 $<\/td><\/tr><tr><td class=\"has-text-align-center\" data-align=\"center\">1000 ou 1 kg<\/td><td class=\"has-text-align-center\" data-align=\"center\">3,50 $<\/td><td class=\"has-text-align-center\" data-align=\"center\">7,00 $<\/td><td class=\"has-text-align-center\" data-align=\"center\">2,50 $<\/td><td class=\"has-text-align-center\" data-align=\"center\">4,50 $<\/td><\/tr><tr><td class=\"has-text-align-center\" data-align=\"center\">2000 ou 2 kg<\/td><td class=\"has-text-align-center\" data-align=\"center\">4,25 $<\/td><td class=\"has-text-align-center\" data-align=\"center\">7,75 $<\/td><td class=\"has-text-align-center\" data-align=\"center\">3,25 $<\/td><td class=\"has-text-align-center\" data-align=\"center\">5,50 $<\/td><\/tr><\/tbody><\/table><\/figure>\n\n\n\n<p class=\"has-text-align-center\">Une premi\u00e8re conclusion qui peut \u00eatre faite se situe au niveau d&rsquo;un achat en plus grande quantit\u00e9 lorsque nous connaissons et aimons le produit.<br>Ce sera aussi l&rsquo;occasion de commander pour des proches qui aiment le th\u00e9, pour faire d\u00e9couvrir ou pour faire des cadeaux.<br>La Route du Th\u00e9 met de l&rsquo;avant une strat\u00e9gie qui peut vous aider en ce sens. Encore une fois, un tableau des possibilit\u00e9s offertes par La Route du Th\u00e9.<br>Avec un achat de th\u00e9s de 250g et plus, voici un aper\u00e7u:<\/p>\n\n\n\n<div style=\"height:38px\" aria-hidden=\"true\" class=\"wp-block-spacer\"><\/div>\n\n\n\n<h2 class=\"wp-block-heading has-text-align-center\"><strong>Emballages Possibles<\/strong><\/h2>\n\n\n\n<figure class=\"wp-block-table is-style-stripes\"><table class=\"has-ast-global-color-8-color has-white-background-color has-text-color has-background has-fixed-layout\"><thead><tr><th class=\"has-text-align-center\" data-align=\"center\"><\/th><th class=\"has-text-align-center\" data-align=\"center\"><\/th><th class=\"has-text-align-center\" data-align=\"center\"><\/th><th class=\"has-text-align-center\" data-align=\"center\"><\/th><\/tr><\/thead><tbody><tr><td class=\"has-text-align-center\" data-align=\"center\">Quantit\u00e9<\/td><td class=\"has-text-align-center\" data-align=\"center\">Option #1<\/td><td class=\"has-text-align-center\" data-align=\"center\">Option #2<\/td><td class=\"has-text-align-center\" data-align=\"center\">Option #3<\/td><\/tr><tr><td class=\"has-text-align-center\" data-align=\"center\">250g<\/td><td class=\"has-text-align-center\" data-align=\"center\">1 sac de 250g<\/td><td class=\"has-text-align-center\" data-align=\"center\">2 sacs de 125g<\/td><td class=\"has-text-align-center\" data-align=\"center\"><\/td><\/tr><tr><td class=\"has-text-align-center\" data-align=\"center\">500g<\/td><td class=\"has-text-align-center\" data-align=\"center\">2 sacs de 250g<\/td><td class=\"has-text-align-center\" data-align=\"center\">3 sacs totalisant 500g<\/td><td class=\"has-text-align-center\" data-align=\"center\"><\/td><\/tr><tr><td class=\"has-text-align-center\" data-align=\"center\">1 kg<\/td><td class=\"has-text-align-center\" data-align=\"center\">2 sacs de 500g<\/td><td class=\"has-text-align-center\" data-align=\"center\">4 sacs de 250g<\/td><td class=\"has-text-align-center\" data-align=\"center\">3 sacs totalisant 1 kg<\/td><\/tr><tr><td class=\"has-text-align-center\" data-align=\"center\">2 kg<\/td><td class=\"has-text-align-center\" data-align=\"center\">2 sacs de 1 kg<\/td><td class=\"has-text-align-center\" data-align=\"center\">4 sacs de 500g<\/td><td class=\"has-text-align-center\" data-align=\"center\">5 sacs totalisant 2 kg<\/td><\/tr><\/tbody><\/table><\/figure>\n\n\n\n<div style=\"height:43px\" aria-hidden=\"true\" class=\"wp-block-spacer\"><\/div>\n\n\n\n<p class=\"has-text-align-center\">Une condition s&rsquo;applique \u00e0 ces \u00e9conomies, la livraison sera faite \u00e0 un seul destinataire. Normalement \u00e0 l&rsquo;adresse de la personne qui passera la commande.<br>Cette fa\u00e7on de faire permettra \u00e0 tous et \u00e0 toutes d&rsquo;\u00e9conomiser sur le prix des produits. <\/p>\n\n\n\n<p class=\"has-text-align-center\">Du m\u00eame coup, les frais de transport seront partag\u00e9s et m\u00eame inexistants pour tous les formats de 1 ou 2 kg.<\/p>\n\n\n\n<p><br><\/p>\n\n\n\n<h2 class=\"wp-block-heading has-text-align-center\">NOTES SUR LES MODES DE PAIEMENT<\/h2>\n\n\n\n<p class=\"has-text-align-center\"><br>Le premier mode de paiement que nous vous sugg\u00e9rons est le virement via votre institution financi\u00e8re en soumettant une r\u00e9ponse \u00e0 votre question personnalis\u00e9e.<br>Cette fa\u00e7on de faire est la plus pratique pour La Route du Th\u00e9 et elle se combinera plus ad\u00e9quatement aux nouvelles demandes offertes pour l&rsquo;exp\u00e9dition de th\u00e9s de 250g ect.<br>De plus, La Route du Th\u00e9 profitera d&rsquo;une \u00e9conomie de frais de traitement de la commande. <\/p>\n\n\n\n<p class=\"has-text-align-center\">Nous pr\u00e9f\u00e9rons poursuivre nos efforts sur la qualit\u00e9 de nos produits, nos bons prix et le court d\u00e9lai requis pour vous exp\u00e9dier vos commandes.<\/p>\n\n\n\n<div style=\"height:42px\" aria-hidden=\"true\" class=\"wp-block-spacer\"><\/div>\n\n\n\n<p class=\"has-text-align-center\">Nous offrons \u00e9galement la possibilit\u00e9 d&#8217;emballer votre commande dans un papier-cadeau. <\/p>\n\n\n\n<div style=\"height:56px\" aria-hidden=\"true\" class=\"wp-block-spacer\"><\/div>\n\n\n\n<p class=\"has-text-align-center\" style=\"font-style:normal;font-weight:700\"><em><span style=\"text-decoration: underline;\">Pour encore plus d&rsquo;\u00e9conomies,  profitez de notre promotion chaque mois sur une recette sign\u00e9e la Route du Th\u00e9. <\/span><\/em><\/p>\n\n\n\n<div style=\"height:55px\" aria-hidden=\"true\" class=\"wp-block-spacer\"><\/div>\n\n\n\n<div class=\"wp-block-buttons is-layout-flex wp-block-buttons-is-layout-flex\">\n<div class=\"wp-block-button has-custom-width wp-block-button__width-100 has-custom-font-size aligncenter is-style-fill has-large-font-size\"><a class=\"wp-block-button__link wp-element-button\" href=\"https:\/\/larouteduthe.ca\/accueil\/promotion\/\" style=\"border-radius:0px\"><strong>Voir la Promotion du Mois<\/strong><\/a><\/div>\n<\/div>\n","protected":false},"excerpt":{"rendered":"<p>TRUCS POUR \u00c9CONOMISER ET D\u00c9COUVRIR ! Dans un contexte \u00e9conomique o\u00f9 l&rsquo;inflation vient grandement affecter le prix des produits, il est bien d&rsquo;avoir des moyens pour r\u00e9duire l&rsquo;impact de celle-ci. Comme tout le monde le sait, cette p\u00e9riode de forte inflation provient en grande partie de l&rsquo;importance et du contr\u00f4le du prix de l&rsquo;essence, du [&hellip;]<\/p>\n","protected":false},"author":1,"featured_media":0,"parent":0,"menu_order":0,"comment_status":"closed","ping_status":"closed","template":"","meta":{"site-sidebar-layout":"default","site-content-layout":"","ast-site-content-layout":"default","site-content-style":"default","site-sidebar-style":"default","ast-global-header-display":"","ast-banner-title-visibility":"","ast-main-header-display":"","ast-hfb-above-header-display":"","ast-hfb-below-header-display":"","ast-hfb-mobile-header-display":"","site-post-title":"","ast-breadcrumbs-content":"","ast-featured-img":"","footer-sml-layout":"","ast-disable-related-posts":"","theme-transparent-header-meta":"","adv-header-id-meta":"","stick-header-meta":"","header-above-stick-meta":"","header-main-stick-meta":"","header-below-stick-meta":"","astra-migrate-meta-layouts":"set","ast-page-background-enabled":"default","ast-page-background-meta":{"desktop":{"background-color":"","background-image":"","background-repeat":"repeat","background-position":"center center","background-size":"auto","background-attachment":"scroll","background-type":"","background-media":"","overlay-type":"","overlay-color":"","overlay-opacity":"","overlay-gradient":""},"tablet":{"background-color":"","background-image":"","background-repeat":"repeat","background-position":"center center","background-size":"auto","background-attachment":"scroll","background-type":"","background-media":"","overlay-type":"","overlay-color":"","overlay-opacity":"","overlay-gradient":""},"mobile":{"background-color":"","background-image":"","background-repeat":"repeat","background-position":"center center","background-size":"auto","background-attachment":"scroll","background-type":"","background-media":"","overlay-type":"","overlay-color":"","overlay-opacity":"","overlay-gradient":""}},"ast-content-background-meta":{"desktop":{"background-color":"var(--ast-global-color-5)","background-image":"","background-repeat":"repeat","background-position":"center center","background-size":"auto","background-attachment":"scroll","background-type":"","background-media":"","overlay-type":"","overlay-color":"","overlay-opacity":"","overlay-gradient":""},"tablet":{"background-color":"var(--ast-global-color-5)","background-image":"","background-repeat":"repeat","background-position":"center center","background-size":"auto","background-attachment":"scroll","background-type":"","background-media":"","overlay-type":"","overlay-color":"","overlay-opacity":"","overlay-gradient":""},"mobile":{"background-color":"var(--ast-global-color-5)","background-image":"","background-repeat":"repeat","background-position":"center center","background-size":"auto","background-attachment":"scroll","background-type":"","background-media":"","overlay-type":"","overlay-color":"","overlay-opacity":"","overlay-gradient":""}},"footnotes":""},"class_list":["post-3816","page","type-page","status-publish","hentry"],"yoast_head":"<!-- This site is optimized with the Yoast SEO plugin v27.6 - https:\/\/yoast.com\/product\/yoast-seo-wordpress\/ -->\n<title>Nos Trucs - La Route du Th\u00e9<\/title>\n<meta name=\"robots\" content=\"index, follow, max-snippet:-1, max-image-preview:large, max-video-preview:-1\" \/>\n<link rel=\"canonical\" href=\"https:\/\/larouteduthe.ca\/accueil\/nostrucs\/\" \/>\n<meta property=\"og:locale\" content=\"fr_FR\" \/>\n<meta property=\"og:type\" content=\"article\" \/>\n<meta property=\"og:title\" content=\"Nos Trucs - La Route du Th\u00e9\" \/>\n<meta property=\"og:description\" content=\"TRUCS POUR \u00c9CONOMISER ET D\u00c9COUVRIR ! Dans un contexte \u00e9conomique o\u00f9 l&rsquo;inflation vient grandement affecter le prix des produits, il est bien d&rsquo;avoir des moyens pour r\u00e9duire l&rsquo;impact de celle-ci. Comme tout le monde le sait, cette p\u00e9riode de forte inflation provient en grande partie de l&rsquo;importance et du contr\u00f4le du prix de l&rsquo;essence, du [&hellip;]\" \/>\n<meta property=\"og:url\" content=\"https:\/\/larouteduthe.ca\/accueil\/nostrucs\/\" \/>\n<meta property=\"og:site_name\" content=\"La Route du Th\u00e9\" \/>\n<meta property=\"article:modified_time\" content=\"2023-11-07T16:29:13+00:00\" \/>\n<meta name=\"twitter:card\" content=\"summary_large_image\" \/>\n<meta name=\"twitter:label1\" content=\"Dur\u00e9e de lecture estim\u00e9e\" \/>\n\t<meta name=\"twitter:data1\" content=\"3 minutes\" \/>\n<script type=\"application\/ld+json\" class=\"yoast-schema-graph\">{\"@context\":\"https:\\\/\\\/schema.org\",\"@graph\":[{\"@type\":\"WebPage\",\"@id\":\"https:\\\/\\\/larouteduthe.ca\\\/accueil\\\/nostrucs\\\/\",\"url\":\"https:\\\/\\\/larouteduthe.ca\\\/accueil\\\/nostrucs\\\/\",\"name\":\"Nos Trucs - La Route du Th\u00e9\",\"isPartOf\":{\"@id\":\"https:\\\/\\\/larouteduthe.ca\\\/accueil\\\/#website\"},\"datePublished\":\"2023-01-22T22:42:46+00:00\",\"dateModified\":\"2023-11-07T16:29:13+00:00\",\"breadcrumb\":{\"@id\":\"https:\\\/\\\/larouteduthe.ca\\\/accueil\\\/nostrucs\\\/#breadcrumb\"},\"inLanguage\":\"fr-FR\",\"potentialAction\":[{\"@type\":\"ReadAction\",\"target\":[\"https:\\\/\\\/larouteduthe.ca\\\/accueil\\\/nostrucs\\\/\"]}]},{\"@type\":\"BreadcrumbList\",\"@id\":\"https:\\\/\\\/larouteduthe.ca\\\/accueil\\\/nostrucs\\\/#breadcrumb\",\"itemListElement\":[{\"@type\":\"ListItem\",\"position\":1,\"name\":\"Accueil\",\"item\":\"https:\\\/\\\/larouteduthe.ca\\\/accueil\\\/\"},{\"@type\":\"ListItem\",\"position\":2,\"name\":\"Nos Trucs\"}]},{\"@type\":\"WebSite\",\"@id\":\"https:\\\/\\\/larouteduthe.ca\\\/accueil\\\/#website\",\"url\":\"https:\\\/\\\/larouteduthe.ca\\\/accueil\\\/\",\"name\":\"La Route du Th\u00e9\",\"description\":\"Boutique de Th\u00e9 en ligne\",\"publisher\":{\"@id\":\"https:\\\/\\\/larouteduthe.ca\\\/accueil\\\/#organization\"},\"potentialAction\":[{\"@type\":\"SearchAction\",\"target\":{\"@type\":\"EntryPoint\",\"urlTemplate\":\"https:\\\/\\\/larouteduthe.ca\\\/accueil\\\/?s={search_term_string}\"},\"query-input\":{\"@type\":\"PropertyValueSpecification\",\"valueRequired\":true,\"valueName\":\"search_term_string\"}}],\"inLanguage\":\"fr-FR\"},{\"@type\":\"Organization\",\"@id\":\"https:\\\/\\\/larouteduthe.ca\\\/accueil\\\/#organization\",\"name\":\"La Route du Th\u00e9\",\"url\":\"https:\\\/\\\/larouteduthe.ca\\\/accueil\\\/\",\"logo\":{\"@type\":\"ImageObject\",\"inLanguage\":\"fr-FR\",\"@id\":\"https:\\\/\\\/larouteduthe.ca\\\/accueil\\\/#\\\/schema\\\/logo\\\/image\\\/\",\"url\":\"https:\\\/\\\/larouteduthe.ca\\\/wp-content\\\/uploads\\\/2021\\\/02\\\/Signature-Site-scaled.jpg\",\"contentUrl\":\"https:\\\/\\\/larouteduthe.ca\\\/wp-content\\\/uploads\\\/2021\\\/02\\\/Signature-Site-scaled.jpg\",\"width\":2560,\"height\":316,\"caption\":\"La Route du Th\u00e9\"},\"image\":{\"@id\":\"https:\\\/\\\/larouteduthe.ca\\\/accueil\\\/#\\\/schema\\\/logo\\\/image\\\/\"},\"sameAs\":[\"https:\\\/\\\/www.instagram.com\\\/la_route_du_the\\\/\"]}]}<\/script>\n<!-- \/ Yoast SEO plugin. -->","yoast_head_json":{"title":"Nos Trucs - La Route du Th\u00e9","robots":{"index":"index","follow":"follow","max-snippet":"max-snippet:-1","max-image-preview":"max-image-preview:large","max-video-preview":"max-video-preview:-1"},"canonical":"https:\/\/larouteduthe.ca\/accueil\/nostrucs\/","og_locale":"fr_FR","og_type":"article","og_title":"Nos Trucs - La Route du Th\u00e9","og_description":"TRUCS POUR \u00c9CONOMISER ET D\u00c9COUVRIR ! Dans un contexte \u00e9conomique o\u00f9 l&rsquo;inflation vient grandement affecter le prix des produits, il est bien d&rsquo;avoir des moyens pour r\u00e9duire l&rsquo;impact de celle-ci. Comme tout le monde le sait, cette p\u00e9riode de forte inflation provient en grande partie de l&rsquo;importance et du contr\u00f4le du prix de l&rsquo;essence, du [&hellip;]","og_url":"https:\/\/larouteduthe.ca\/accueil\/nostrucs\/","og_site_name":"La Route du Th\u00e9","article_modified_time":"2023-11-07T16:29:13+00:00","twitter_card":"summary_large_image","twitter_misc":{"Dur\u00e9e de lecture estim\u00e9e":"3 minutes"},"schema":{"@context":"https:\/\/schema.org","@graph":[{"@type":"WebPage","@id":"https:\/\/larouteduthe.ca\/accueil\/nostrucs\/","url":"https:\/\/larouteduthe.ca\/accueil\/nostrucs\/","name":"Nos Trucs - La Route du Th\u00e9","isPartOf":{"@id":"https:\/\/larouteduthe.ca\/accueil\/#website"},"datePublished":"2023-01-22T22:42:46+00:00","dateModified":"2023-11-07T16:29:13+00:00","breadcrumb":{"@id":"https:\/\/larouteduthe.ca\/accueil\/nostrucs\/#breadcrumb"},"inLanguage":"fr-FR","potentialAction":[{"@type":"ReadAction","target":["https:\/\/larouteduthe.ca\/accueil\/nostrucs\/"]}]},{"@type":"BreadcrumbList","@id":"https:\/\/larouteduthe.ca\/accueil\/nostrucs\/#breadcrumb","itemListElement":[{"@type":"ListItem","position":1,"name":"Accueil","item":"https:\/\/larouteduthe.ca\/accueil\/"},{"@type":"ListItem","position":2,"name":"Nos Trucs"}]},{"@type":"WebSite","@id":"https:\/\/larouteduthe.ca\/accueil\/#website","url":"https:\/\/larouteduthe.ca\/accueil\/","name":"La Route du Th\u00e9","description":"Boutique de Th\u00e9 en ligne","publisher":{"@id":"https:\/\/larouteduthe.ca\/accueil\/#organization"},"potentialAction":[{"@type":"SearchAction","target":{"@type":"EntryPoint","urlTemplate":"https:\/\/larouteduthe.ca\/accueil\/?s={search_term_string}"},"query-input":{"@type":"PropertyValueSpecification","valueRequired":true,"valueName":"search_term_string"}}],"inLanguage":"fr-FR"},{"@type":"Organization","@id":"https:\/\/larouteduthe.ca\/accueil\/#organization","name":"La Route du Th\u00e9","url":"https:\/\/larouteduthe.ca\/accueil\/","logo":{"@type":"ImageObject","inLanguage":"fr-FR","@id":"https:\/\/larouteduthe.ca\/accueil\/#\/schema\/logo\/image\/","url":"https:\/\/larouteduthe.ca\/wp-content\/uploads\/2021\/02\/Signature-Site-scaled.jpg","contentUrl":"https:\/\/larouteduthe.ca\/wp-content\/uploads\/2021\/02\/Signature-Site-scaled.jpg","width":2560,"height":316,"caption":"La Route du Th\u00e9"},"image":{"@id":"https:\/\/larouteduthe.ca\/accueil\/#\/schema\/logo\/image\/"},"sameAs":["https:\/\/www.instagram.com\/la_route_du_the\/"]}]}},"_links":{"self":[{"href":"https:\/\/larouteduthe.ca\/accueil\/wp-json\/wp\/v2\/pages\/3816","targetHints":{"allow":["GET"]}}],"collection":[{"href":"https:\/\/larouteduthe.ca\/accueil\/wp-json\/wp\/v2\/pages"}],"about":[{"href":"https:\/\/larouteduthe.ca\/accueil\/wp-json\/wp\/v2\/types\/page"}],"author":[{"embeddable":true,"href":"https:\/\/larouteduthe.ca\/accueil\/wp-json\/wp\/v2\/users\/1"}],"replies":[{"embeddable":true,"href":"https:\/\/larouteduthe.ca\/accueil\/wp-json\/wp\/v2\/comments?post=3816"}],"version-history":[{"count":32,"href":"https:\/\/larouteduthe.ca\/accueil\/wp-json\/wp\/v2\/pages\/3816\/revisions"}],"predecessor-version":[{"id":4154,"href":"https:\/\/larouteduthe.ca\/accueil\/wp-json\/wp\/v2\/pages\/3816\/revisions\/4154"}],"wp:attachment":[{"href":"https:\/\/larouteduthe.ca\/accueil\/wp-json\/wp\/v2\/media?parent=3816"}],"curies":[{"name":"wp","href":"https:\/\/api.w.org\/{rel}","templated":true}]}}