{"id":372,"date":"2020-10-06T09:21:27","date_gmt":"2020-10-06T09:21:27","guid":{"rendered":"https:\/\/larouteduthe.ca\/?page_id=372"},"modified":"2025-10-02T12:28:28","modified_gmt":"2025-10-02T12:28:28","slug":"notre-histoire","status":"publish","type":"page","link":"https:\/\/larouteduthe.ca\/accueil\/notre-histoire\/","title":{"rendered":"Notre Histoire"},"content":{"rendered":"\n<div class=\"wp-block-group is-layout-flow wp-block-group-is-layout-flow\"><div class=\"wp-block-group__inner-container\">\n<div class=\"wp-block-columns is-layout-flex wp-container-core-columns-is-layout-28f84493 wp-block-columns-is-layout-flex\">\n<div class=\"wp-block-column is-layout-flow wp-block-column-is-layout-flow\" style=\"flex-basis:100%\"><\/div>\n<\/div>\n<\/div><\/div>\n\n\n\n<div class=\"wp-block-group is-layout-flow wp-block-group-is-layout-flow\"><div class=\"wp-block-group__inner-container\">\n<div class=\"wp-block-columns is-layout-flex wp-container-core-columns-is-layout-28f84493 wp-block-columns-is-layout-flex\">\n<div class=\"wp-block-column is-layout-flow wp-block-column-is-layout-flow\" style=\"flex-basis:33.33%\">\n<figure class=\"wp-block-image size-large\"><img loading=\"lazy\" decoding=\"async\" width=\"700\" height=\"428\" src=\"https:\/\/larouteduthe.ca\/wp-content\/uploads\/2021\/02\/Notre-Histoire.jpg\" alt=\"\" class=\"wp-image-1637\" srcset=\"https:\/\/larouteduthe.ca\/wp-content\/uploads\/2021\/02\/Notre-Histoire.jpg 700w, https:\/\/larouteduthe.ca\/wp-content\/uploads\/2021\/02\/Notre-Histoire-512x313.jpg 512w, https:\/\/larouteduthe.ca\/wp-content\/uploads\/2021\/02\/Notre-Histoire-654x400.jpg 654w, https:\/\/larouteduthe.ca\/wp-content\/uploads\/2021\/02\/Notre-Histoire-98x60.jpg 98w, https:\/\/larouteduthe.ca\/wp-content\/uploads\/2021\/02\/Notre-Histoire-147x90.jpg 147w\" sizes=\"auto, (max-width: 700px) 100vw, 700px\" \/><\/figure>\n<\/div>\n\n\n\n<div class=\"wp-block-column is-layout-flow wp-block-column-is-layout-flow\" style=\"flex-basis:66.66%\">\n<figure class=\"wp-block-image size-large is-resized\"><img loading=\"lazy\" decoding=\"async\" width=\"900\" height=\"447\" src=\"https:\/\/larouteduthe.ca\/wp-content\/uploads\/2021\/02\/Logo_route_the_fond_transparent_petit.png\" alt=\"\" class=\"wp-image-1589\" style=\"width:226px;height:112px\" srcset=\"https:\/\/larouteduthe.ca\/wp-content\/uploads\/2021\/02\/Logo_route_the_fond_transparent_petit.png 900w, https:\/\/larouteduthe.ca\/wp-content\/uploads\/2021\/02\/Logo_route_the_fond_transparent_petit-512x254.png 512w, https:\/\/larouteduthe.ca\/wp-content\/uploads\/2021\/02\/Logo_route_the_fond_transparent_petit-800x397.png 800w, https:\/\/larouteduthe.ca\/wp-content\/uploads\/2021\/02\/Logo_route_the_fond_transparent_petit-768x381.png 768w, https:\/\/larouteduthe.ca\/wp-content\/uploads\/2021\/02\/Logo_route_the_fond_transparent_petit-121x60.png 121w, https:\/\/larouteduthe.ca\/wp-content\/uploads\/2021\/02\/Logo_route_the_fond_transparent_petit-181x90.png 181w\" sizes=\"auto, (max-width: 900px) 100vw, 900px\" \/><\/figure>\n<\/div>\n<\/div>\n<\/div><\/div>\n\n\n\n<div style=\"height:42px\" aria-hidden=\"true\" class=\"wp-block-spacer\"><\/div>\n\n\n\n<p class=\"has-medium-font-size\">Notre \u00e9coute de la client\u00e8le a permis d\u2019entendre leurs d\u00e9sirs de go\u00fbter des produits r\u00e9gionaux. <\/p>\n\n\n\n<p class=\"has-medium-font-size\">L\u2019effervescence perp\u00e9tuelle entourant nos quatre recettes \u00absecr\u00e8tes\u00bb cr\u00e9\u00e9es depuis 1997 a \u00e9t\u00e9 annonciatrice d\u2019un renouveau, celui de faire de l\u2019heure du th\u00e9 un moment pris\u00e9 par toute la famille.<br>Notre souci a \u00e9t\u00e9 de cr\u00e9er une ligne de th\u00e9s touchant la corde sensible de chacun : la fiert\u00e9 de sa r\u00e9gion. Des paysages grandiloquents inspirent des m\u00e9langes de th\u00e9s selon leurs traits distinctifs. C\u2019est ainsi qu\u2019une touche de la personnalit\u00e9 des qu\u00e9b\u00e9cois a fait jaillir un amalgame de saveurs \u00e0 leurs images. La Route du Th\u00e9 est un voyage guid\u00e9 par les lacs et les montagnes du Qu\u00e9bec et la visite touristique ne fait que commencer.<\/p>\n\n\n\n<p><\/p>\n\n\n\n<p><\/p>\n\n\n\n<div class=\"wp-block-columns is-layout-flex wp-container-core-columns-is-layout-28f84493 wp-block-columns-is-layout-flex\">\n<div class=\"wp-block-column is-layout-flow wp-block-column-is-layout-flow\" style=\"flex-basis:100%\">\n<div class=\"wp-block-columns is-layout-flex wp-container-core-columns-is-layout-28f84493 wp-block-columns-is-layout-flex\">\n<div class=\"wp-block-column is-layout-flow wp-block-column-is-layout-flow\" style=\"flex-basis:100%\"><\/div>\n<\/div>\n<\/div>\n<\/div>\n\n\n\n<div class=\"wp-block-group is-layout-flow wp-block-group-is-layout-flow\"><div class=\"wp-block-group__inner-container\">\n<div class=\"wp-block-columns is-layout-flex wp-container-core-columns-is-layout-28f84493 wp-block-columns-is-layout-flex\">\n<div class=\"wp-block-column is-layout-flow wp-block-column-is-layout-flow\">\n<figure class=\"wp-block-image size-large\"><img loading=\"lazy\" decoding=\"async\" width=\"563\" height=\"800\" src=\"https:\/\/larouteduthe.ca\/wp-content\/uploads\/2020\/11\/trophy-2-563x800.jpg\" alt=\"\" class=\"wp-image-603\" srcset=\"https:\/\/larouteduthe.ca\/wp-content\/uploads\/2020\/11\/trophy-2-563x800.jpg 563w, https:\/\/larouteduthe.ca\/wp-content\/uploads\/2020\/11\/trophy-2-512x728.jpg 512w, https:\/\/larouteduthe.ca\/wp-content\/uploads\/2020\/11\/trophy-2-281x400.jpg 281w, https:\/\/larouteduthe.ca\/wp-content\/uploads\/2020\/11\/trophy-2-42x60.jpg 42w, https:\/\/larouteduthe.ca\/wp-content\/uploads\/2020\/11\/trophy-2-63x90.jpg 63w, https:\/\/larouteduthe.ca\/wp-content\/uploads\/2020\/11\/trophy-2.jpg 700w\" sizes=\"auto, (max-width: 563px) 100vw, 563px\" \/><\/figure>\n<\/div>\n\n\n\n<div class=\"wp-block-column is-layout-flow wp-block-column-is-layout-flow\">\n<p><\/p>\n\n\n\n<div style=\"height:100px\" aria-hidden=\"true\" class=\"wp-block-spacer\"><\/div>\n\n\n\n<p><\/p>\n\n\n\n<p class=\"has-medium-font-size\">\u00c0 l\u2019automne 2020, deux nouveaux m\u00e9langes \u2018th\u00e9matiques\u2019 ont vu le jour. Il s\u2019agit de :<\/p>\n\n\n\n<h4 style=\"text-align: left;\"><a href=\"https:\/\/larouteduthe.ca\/accueil\/produit\/lamour-toujours-lamour\/\"><span style=\"color: #d40d0d;\"><strong>L\u2019Amour Toujours L\u2019Amour<\/strong><\/span><\/a><\/h4>\n<h2 style=\"text-align: left;\"><span style=\"color: #3366ff;\">et <\/span><\/h2>\n<h4 style=\"text-align: left;\"><a href=\"https:\/\/larouteduthe.ca\/accueil\/produit\/la-joie-des-fetes\/\"><strong><span style=\"color: #3366ff;\">L<\/span><span style=\"color: #00ff00;\">a<\/span> <span style=\"color: #ffcc99;\">j<\/span><span style=\"color: #33cccc;\"><span style=\"color: #993366;\">o<\/span>i<\/span><span style=\"color: #008000;\">e<\/span> <span style=\"color: #333399;\">d<\/span><span style=\"color: #00ff00;\">e<\/span><span style=\"color: #ff0000;\">s<\/span> <span style=\"color: #ffcc00;\">F<\/span><span style=\"color: #800080;\">\u00ea<\/span><span style=\"color: #000080;\">t<\/span><span style=\"color: #ff6600;\">e<\/span><span style=\"color: #77e077;\">s<\/span><\/strong><\/a><\/h4>\n\n\n\n<p class=\"has-medium-font-size\">Ces m\u00e9langes ont \u00e9t\u00e9 pr\u00e9par\u00e9s avec un visuel propre aux th\u00e8mes et ils sont aussi disponibles \u00e0 l\u2019ann\u00e9e car ils comprennent des ingr\u00e9dients et dosages particuliers et pertinents.<\/p>\n<\/div>\n<\/div>\n<\/div><\/div>\n\n\n\n<div style=\"height:42px\" aria-hidden=\"true\" class=\"wp-block-spacer\"><\/div>\n\n\n\n<p class=\"has-medium-font-size\">Vous remarquerez la qualit\u00e9 de nos m\u00e9langes avec NOS TH\u00c9S SIGNATURES, la vari\u00e9t\u00e9 de th\u00e9s, tisanes et herbes s\u00e9lectionn\u00e9s. Du m\u00eame coup, vous pourrez constater que tous nos produits sont offerts \u00e0 de tr\u00e8s bons prix. La vente en vrac de 50 grammes \u00e0 2 kilogrammes est propos\u00e9e. Il y a aussi des bo\u00eetes associ\u00e9es aux th\u00e9s signatures. La Route du Th\u00e9 a vu le jour en 2012 et correspond \u00e0 une ligne artisanale de th\u00e9s tout \u00e0 fait QU\u00c9B\u00c9COISE. Cette ligne a \u00e9t\u00e9 d\u00e9velopp\u00e9e \u00e0 Rimouski et compte actuellement plus de 20 m\u00e9langes dont 19 sont maintenant offerts sur le WEB. Vous pourrez \u00e9galement trouver tous nos m\u00e9langes en vente chez nos d\u00e9positaires ! <\/p>\n","protected":false},"excerpt":{"rendered":"<p>Notre \u00e9coute de la client\u00e8le a permis d\u2019entendre leurs d\u00e9sirs de go\u00fbter des produits r\u00e9gionaux. L\u2019effervescence perp\u00e9tuelle entourant nos quatre recettes \u00absecr\u00e8tes\u00bb cr\u00e9\u00e9es depuis 1997 a \u00e9t\u00e9 annonciatrice d\u2019un renouveau, celui de faire de l\u2019heure du th\u00e9 un moment pris\u00e9 par toute la famille.Notre souci a \u00e9t\u00e9 de cr\u00e9er une ligne de th\u00e9s touchant la [&hellip;]<\/p>\n","protected":false},"author":1,"featured_media":1637,"parent":0,"menu_order":0,"comment_status":"closed","ping_status":"closed","template":"","meta":{"site-sidebar-layout":"default","site-content-layout":"default","ast-site-content-layout":"default","site-content-style":"default","site-sidebar-style":"default","ast-global-header-display":"","ast-banner-title-visibility":"","ast-main-header-display":"","ast-hfb-above-header-display":"","ast-hfb-below-header-display":"","ast-hfb-mobile-header-display":"","site-post-title":"","ast-breadcrumbs-content":"","ast-featured-img":"disabled","footer-sml-layout":"","ast-disable-related-posts":"","theme-transparent-header-meta":"default","adv-header-id-meta":"","stick-header-meta":"","header-above-stick-meta":"","header-main-stick-meta":"","header-below-stick-meta":"","astra-migrate-meta-layouts":"set","ast-page-background-enabled":"default","ast-page-background-meta":{"desktop":{"background-color":"","background-image":"","background-repeat":"repeat","background-position":"center center","background-size":"auto","background-attachment":"scroll","background-type":"","background-media":"","overlay-type":"","overlay-color":"","overlay-opacity":"","overlay-gradient":""},"tablet":{"background-color":"","background-image":"","background-repeat":"repeat","background-position":"center center","background-size":"auto","background-attachment":"scroll","background-type":"","background-media":"","overlay-type":"","overlay-color":"","overlay-opacity":"","overlay-gradient":""},"mobile":{"background-color":"","background-image":"","background-repeat":"repeat","background-position":"center center","background-size":"auto","background-attachment":"scroll","background-type":"","background-media":"","overlay-type":"","overlay-color":"","overlay-opacity":"","overlay-gradient":""}},"ast-content-background-meta":{"desktop":{"background-color":"var(--ast-global-color-5)","background-image":"","background-repeat":"repeat","background-position":"center center","background-size":"auto","background-attachment":"scroll","background-type":"","background-media":"","overlay-type":"","overlay-color":"","overlay-opacity":"","overlay-gradient":""},"tablet":{"background-color":"var(--ast-global-color-5)","background-image":"","background-repeat":"repeat","background-position":"center center","background-size":"auto","background-attachment":"scroll","background-type":"","background-media":"","overlay-type":"","overlay-color":"","overlay-opacity":"","overlay-gradient":""},"mobile":{"background-color":"var(--ast-global-color-5)","background-image":"","background-repeat":"repeat","background-position":"center center","background-size":"auto","background-attachment":"scroll","background-type":"","background-media":"","overlay-type":"","overlay-color":"","overlay-opacity":"","overlay-gradient":""}},"footnotes":""},"class_list":["post-372","page","type-page","status-publish","has-post-thumbnail","hentry"],"yoast_head":"<!-- This site is optimized with the Yoast SEO plugin v27.6 - https:\/\/yoast.com\/product\/yoast-seo-wordpress\/ -->\n<title>Notre Histoire - La Route du Th\u00e9<\/title>\n<meta name=\"robots\" content=\"index, follow, max-snippet:-1, max-image-preview:large, max-video-preview:-1\" \/>\n<link rel=\"canonical\" href=\"https:\/\/larouteduthe.ca\/accueil\/notre-histoire\/\" \/>\n<meta property=\"og:locale\" content=\"fr_FR\" \/>\n<meta property=\"og:type\" content=\"article\" \/>\n<meta property=\"og:title\" content=\"Notre Histoire - La Route du Th\u00e9\" \/>\n<meta property=\"og:description\" content=\"Notre \u00e9coute de la client\u00e8le a permis d\u2019entendre leurs d\u00e9sirs de go\u00fbter des produits r\u00e9gionaux. L\u2019effervescence perp\u00e9tuelle entourant nos quatre recettes \u00absecr\u00e8tes\u00bb cr\u00e9\u00e9es depuis 1997 a \u00e9t\u00e9 annonciatrice d\u2019un renouveau, celui de faire de l\u2019heure du th\u00e9 un moment pris\u00e9 par toute la famille.Notre souci a \u00e9t\u00e9 de cr\u00e9er une ligne de th\u00e9s touchant la [&hellip;]\" \/>\n<meta property=\"og:url\" content=\"https:\/\/larouteduthe.ca\/accueil\/notre-histoire\/\" \/>\n<meta property=\"og:site_name\" content=\"La Route du Th\u00e9\" \/>\n<meta property=\"article:modified_time\" content=\"2025-10-02T12:28:28+00:00\" \/>\n<meta property=\"og:image\" content=\"https:\/\/larouteduthe.ca\/wp-content\/uploads\/2021\/02\/Notre-Histoire.jpg\" \/>\n\t<meta property=\"og:image:width\" content=\"700\" \/>\n\t<meta property=\"og:image:height\" content=\"428\" \/>\n\t<meta property=\"og:image:type\" content=\"image\/jpeg\" \/>\n<meta name=\"twitter:card\" content=\"summary_large_image\" \/>\n<meta name=\"twitter:label1\" content=\"Dur\u00e9e de lecture estim\u00e9e\" \/>\n\t<meta name=\"twitter:data1\" content=\"2 minutes\" \/>\n<script type=\"application\/ld+json\" class=\"yoast-schema-graph\">{\"@context\":\"https:\\\/\\\/schema.org\",\"@graph\":[{\"@type\":\"WebPage\",\"@id\":\"https:\\\/\\\/larouteduthe.ca\\\/accueil\\\/notre-histoire\\\/\",\"url\":\"https:\\\/\\\/larouteduthe.ca\\\/accueil\\\/notre-histoire\\\/\",\"name\":\"Notre Histoire - La Route du Th\u00e9\",\"isPartOf\":{\"@id\":\"https:\\\/\\\/larouteduthe.ca\\\/accueil\\\/#website\"},\"primaryImageOfPage\":{\"@id\":\"https:\\\/\\\/larouteduthe.ca\\\/accueil\\\/notre-histoire\\\/#primaryimage\"},\"image\":{\"@id\":\"https:\\\/\\\/larouteduthe.ca\\\/accueil\\\/notre-histoire\\\/#primaryimage\"},\"thumbnailUrl\":\"https:\\\/\\\/larouteduthe.ca\\\/wp-content\\\/uploads\\\/2021\\\/02\\\/Notre-Histoire.jpg\",\"datePublished\":\"2020-10-06T09:21:27+00:00\",\"dateModified\":\"2025-10-02T12:28:28+00:00\",\"breadcrumb\":{\"@id\":\"https:\\\/\\\/larouteduthe.ca\\\/accueil\\\/notre-histoire\\\/#breadcrumb\"},\"inLanguage\":\"fr-FR\",\"potentialAction\":[{\"@type\":\"ReadAction\",\"target\":[\"https:\\\/\\\/larouteduthe.ca\\\/accueil\\\/notre-histoire\\\/\"]}]},{\"@type\":\"ImageObject\",\"inLanguage\":\"fr-FR\",\"@id\":\"https:\\\/\\\/larouteduthe.ca\\\/accueil\\\/notre-histoire\\\/#primaryimage\",\"url\":\"https:\\\/\\\/larouteduthe.ca\\\/wp-content\\\/uploads\\\/2021\\\/02\\\/Notre-Histoire.jpg\",\"contentUrl\":\"https:\\\/\\\/larouteduthe.ca\\\/wp-content\\\/uploads\\\/2021\\\/02\\\/Notre-Histoire.jpg\",\"width\":700,\"height\":428},{\"@type\":\"BreadcrumbList\",\"@id\":\"https:\\\/\\\/larouteduthe.ca\\\/accueil\\\/notre-histoire\\\/#breadcrumb\",\"itemListElement\":[{\"@type\":\"ListItem\",\"position\":1,\"name\":\"Accueil\",\"item\":\"https:\\\/\\\/larouteduthe.ca\\\/accueil\\\/\"},{\"@type\":\"ListItem\",\"position\":2,\"name\":\"Notre Histoire\"}]},{\"@type\":\"WebSite\",\"@id\":\"https:\\\/\\\/larouteduthe.ca\\\/accueil\\\/#website\",\"url\":\"https:\\\/\\\/larouteduthe.ca\\\/accueil\\\/\",\"name\":\"La Route du Th\u00e9\",\"description\":\"Boutique de Th\u00e9 en ligne\",\"publisher\":{\"@id\":\"https:\\\/\\\/larouteduthe.ca\\\/accueil\\\/#organization\"},\"potentialAction\":[{\"@type\":\"SearchAction\",\"target\":{\"@type\":\"EntryPoint\",\"urlTemplate\":\"https:\\\/\\\/larouteduthe.ca\\\/accueil\\\/?s={search_term_string}\"},\"query-input\":{\"@type\":\"PropertyValueSpecification\",\"valueRequired\":true,\"valueName\":\"search_term_string\"}}],\"inLanguage\":\"fr-FR\"},{\"@type\":\"Organization\",\"@id\":\"https:\\\/\\\/larouteduthe.ca\\\/accueil\\\/#organization\",\"name\":\"La Route du Th\u00e9\",\"url\":\"https:\\\/\\\/larouteduthe.ca\\\/accueil\\\/\",\"logo\":{\"@type\":\"ImageObject\",\"inLanguage\":\"fr-FR\",\"@id\":\"https:\\\/\\\/larouteduthe.ca\\\/accueil\\\/#\\\/schema\\\/logo\\\/image\\\/\",\"url\":\"https:\\\/\\\/larouteduthe.ca\\\/wp-content\\\/uploads\\\/2021\\\/02\\\/Signature-Site-scaled.jpg\",\"contentUrl\":\"https:\\\/\\\/larouteduthe.ca\\\/wp-content\\\/uploads\\\/2021\\\/02\\\/Signature-Site-scaled.jpg\",\"width\":2560,\"height\":316,\"caption\":\"La Route du Th\u00e9\"},\"image\":{\"@id\":\"https:\\\/\\\/larouteduthe.ca\\\/accueil\\\/#\\\/schema\\\/logo\\\/image\\\/\"},\"sameAs\":[\"https:\\\/\\\/www.instagram.com\\\/la_route_du_the\\\/\"]}]}<\/script>\n<!-- \/ Yoast SEO plugin. -->","yoast_head_json":{"title":"Notre Histoire - La Route du Th\u00e9","robots":{"index":"index","follow":"follow","max-snippet":"max-snippet:-1","max-image-preview":"max-image-preview:large","max-video-preview":"max-video-preview:-1"},"canonical":"https:\/\/larouteduthe.ca\/accueil\/notre-histoire\/","og_locale":"fr_FR","og_type":"article","og_title":"Notre Histoire - La Route du Th\u00e9","og_description":"Notre \u00e9coute de la client\u00e8le a permis d\u2019entendre leurs d\u00e9sirs de go\u00fbter des produits r\u00e9gionaux. L\u2019effervescence perp\u00e9tuelle entourant nos quatre recettes \u00absecr\u00e8tes\u00bb cr\u00e9\u00e9es depuis 1997 a \u00e9t\u00e9 annonciatrice d\u2019un renouveau, celui de faire de l\u2019heure du th\u00e9 un moment pris\u00e9 par toute la famille.Notre souci a \u00e9t\u00e9 de cr\u00e9er une ligne de th\u00e9s touchant la [&hellip;]","og_url":"https:\/\/larouteduthe.ca\/accueil\/notre-histoire\/","og_site_name":"La Route du Th\u00e9","article_modified_time":"2025-10-02T12:28:28+00:00","og_image":[{"width":700,"height":428,"url":"https:\/\/larouteduthe.ca\/wp-content\/uploads\/2021\/02\/Notre-Histoire.jpg","type":"image\/jpeg"}],"twitter_card":"summary_large_image","twitter_misc":{"Dur\u00e9e de lecture estim\u00e9e":"2 minutes"},"schema":{"@context":"https:\/\/schema.org","@graph":[{"@type":"WebPage","@id":"https:\/\/larouteduthe.ca\/accueil\/notre-histoire\/","url":"https:\/\/larouteduthe.ca\/accueil\/notre-histoire\/","name":"Notre Histoire - La Route du Th\u00e9","isPartOf":{"@id":"https:\/\/larouteduthe.ca\/accueil\/#website"},"primaryImageOfPage":{"@id":"https:\/\/larouteduthe.ca\/accueil\/notre-histoire\/#primaryimage"},"image":{"@id":"https:\/\/larouteduthe.ca\/accueil\/notre-histoire\/#primaryimage"},"thumbnailUrl":"https:\/\/larouteduthe.ca\/wp-content\/uploads\/2021\/02\/Notre-Histoire.jpg","datePublished":"2020-10-06T09:21:27+00:00","dateModified":"2025-10-02T12:28:28+00:00","breadcrumb":{"@id":"https:\/\/larouteduthe.ca\/accueil\/notre-histoire\/#breadcrumb"},"inLanguage":"fr-FR","potentialAction":[{"@type":"ReadAction","target":["https:\/\/larouteduthe.ca\/accueil\/notre-histoire\/"]}]},{"@type":"ImageObject","inLanguage":"fr-FR","@id":"https:\/\/larouteduthe.ca\/accueil\/notre-histoire\/#primaryimage","url":"https:\/\/larouteduthe.ca\/wp-content\/uploads\/2021\/02\/Notre-Histoire.jpg","contentUrl":"https:\/\/larouteduthe.ca\/wp-content\/uploads\/2021\/02\/Notre-Histoire.jpg","width":700,"height":428},{"@type":"BreadcrumbList","@id":"https:\/\/larouteduthe.ca\/accueil\/notre-histoire\/#breadcrumb","itemListElement":[{"@type":"ListItem","position":1,"name":"Accueil","item":"https:\/\/larouteduthe.ca\/accueil\/"},{"@type":"ListItem","position":2,"name":"Notre Histoire"}]},{"@type":"WebSite","@id":"https:\/\/larouteduthe.ca\/accueil\/#website","url":"https:\/\/larouteduthe.ca\/accueil\/","name":"La Route du Th\u00e9","description":"Boutique de Th\u00e9 en ligne","publisher":{"@id":"https:\/\/larouteduthe.ca\/accueil\/#organization"},"potentialAction":[{"@type":"SearchAction","target":{"@type":"EntryPoint","urlTemplate":"https:\/\/larouteduthe.ca\/accueil\/?s={search_term_string}"},"query-input":{"@type":"PropertyValueSpecification","valueRequired":true,"valueName":"search_term_string"}}],"inLanguage":"fr-FR"},{"@type":"Organization","@id":"https:\/\/larouteduthe.ca\/accueil\/#organization","name":"La Route du Th\u00e9","url":"https:\/\/larouteduthe.ca\/accueil\/","logo":{"@type":"ImageObject","inLanguage":"fr-FR","@id":"https:\/\/larouteduthe.ca\/accueil\/#\/schema\/logo\/image\/","url":"https:\/\/larouteduthe.ca\/wp-content\/uploads\/2021\/02\/Signature-Site-scaled.jpg","contentUrl":"https:\/\/larouteduthe.ca\/wp-content\/uploads\/2021\/02\/Signature-Site-scaled.jpg","width":2560,"height":316,"caption":"La Route du Th\u00e9"},"image":{"@id":"https:\/\/larouteduthe.ca\/accueil\/#\/schema\/logo\/image\/"},"sameAs":["https:\/\/www.instagram.com\/la_route_du_the\/"]}]}},"_links":{"self":[{"href":"https:\/\/larouteduthe.ca\/accueil\/wp-json\/wp\/v2\/pages\/372","targetHints":{"allow":["GET"]}}],"collection":[{"href":"https:\/\/larouteduthe.ca\/accueil\/wp-json\/wp\/v2\/pages"}],"about":[{"href":"https:\/\/larouteduthe.ca\/accueil\/wp-json\/wp\/v2\/types\/page"}],"author":[{"embeddable":true,"href":"https:\/\/larouteduthe.ca\/accueil\/wp-json\/wp\/v2\/users\/1"}],"replies":[{"embeddable":true,"href":"https:\/\/larouteduthe.ca\/accueil\/wp-json\/wp\/v2\/comments?post=372"}],"version-history":[{"count":47,"href":"https:\/\/larouteduthe.ca\/accueil\/wp-json\/wp\/v2\/pages\/372\/revisions"}],"predecessor-version":[{"id":4501,"href":"https:\/\/larouteduthe.ca\/accueil\/wp-json\/wp\/v2\/pages\/372\/revisions\/4501"}],"wp:featuredmedia":[{"embeddable":true,"href":"https:\/\/larouteduthe.ca\/accueil\/wp-json\/wp\/v2\/media\/1637"}],"wp:attachment":[{"href":"https:\/\/larouteduthe.ca\/accueil\/wp-json\/wp\/v2\/media?parent=372"}],"curies":[{"name":"wp","href":"https:\/\/api.w.org\/{rel}","templated":true}]}}